{"id":9886,"date":"2026-03-30T10:39:04","date_gmt":"2026-03-30T09:39:04","guid":{"rendered":"https:\/\/dev.guiasoficialescv.es\/tours-en\/tour\/visitas-guiadas-a-los-refugios-antiaereos-de-alicante-ruta-1\/"},"modified":"2026-04-29T10:27:38","modified_gmt":"2026-04-29T08:27:38","slug":"guided-tours-of-alicantes-air-raid-shelters","status":"publish","type":"tours_dir_ltg","link":"https:\/\/dev.guiasoficialescv.es\/en\/tours-en\/tour\/guided-tours-of-alicantes-air-raid-shelters\/","title":{"rendered":"Guided tours of Alicante\u2019s Air-raid Shelters"},"author":979,"featured_media":0,"comment_status":"open","ping_status":"closed","template":"","class_list":["post-9886","tours_dir_ltg","type-tours_dir_ltg","status-publish","hentry","tours_loc_loc-alicante-en"],"acf":[],"yoast_head":"<!-- This site is optimized with the Yoast SEO plugin v27.3 - https:\/\/yoast.com\/product\/yoast-seo-wordpress\/ -->\n<title>Guided tours of Alicante\u2019s Air-raid Shelters &#8211; Gu\u00edas Tur\u00edsticos Oficiales Comunidad Valenciana<\/title>\n<meta name=\"robots\" content=\"noindex, follow, max-snippet:-1, max-image-preview:large, max-video-preview:-1\" \/>\n<meta property=\"og:locale\" content=\"en_US\" \/>\n<meta property=\"og:type\" content=\"article\" \/>\n<meta property=\"og:title\" content=\"Guided tours of Alicante\u2019s Air-raid Shelters &#8211; Gu\u00edas Tur\u00edsticos Oficiales Comunidad Valenciana\" \/>\n<meta property=\"og:description\" content=\"Current Routes and Future Itineraries To provide a comprehensive overview of our history, we have put together a network of themed walking tours that take in the key landmarks of Alicante\u2019s history: Route 1: \u00a0Seneca Interpretation Centre and Shelters R31\/Balmis R46 (only this route is currently available) Route 2: Shelters on Avenida General Marv\u00e1 (R35) and Plaza M\u00fasico Oscar Tordera [&hellip;]\" \/>\n<meta property=\"og:url\" content=\"https:\/\/dev.guiasoficialescv.es\/en\/tours-en\/tour\/guided-tours-of-alicantes-air-raid-shelters\/\" \/>\n<meta property=\"og:site_name\" content=\"Gu\u00edas Tur\u00edsticos Oficiales Comunidad Valenciana\" \/>\n<meta property=\"article:publisher\" content=\"https:\/\/www.facebook.com\/GuiasOficialesCV\" \/>\n<meta property=\"article:modified_time\" content=\"2026-04-29T08:27:38+00:00\" \/>\n<meta name=\"twitter:card\" content=\"summary_large_image\" \/>\n<meta name=\"twitter:label1\" content=\"Est. reading time\" \/>\n\t<meta name=\"twitter:data1\" content=\"2 minutes\" \/>\n<script type=\"application\/ld+json\" class=\"yoast-schema-graph\">{\"@context\":\"https:\\\/\\\/schema.org\",\"@graph\":[{\"@type\":\"WebPage\",\"@id\":\"https:\\\/\\\/dev.guiasoficialescv.es\\\/en\\\/tours-en\\\/tour\\\/guided-tours-of-alicantes-air-raid-shelters\\\/\",\"url\":\"https:\\\/\\\/dev.guiasoficialescv.es\\\/en\\\/tours-en\\\/tour\\\/guided-tours-of-alicantes-air-raid-shelters\\\/\",\"name\":\"Guided tours of Alicante\u2019s Air-raid Shelters &#8211; Gu\u00edas Tur\u00edsticos Oficiales Comunidad Valenciana\",\"isPartOf\":{\"@id\":\"https:\\\/\\\/dev.guiasoficialescv.es\\\/en\\\/#website\"},\"datePublished\":\"2026-03-30T09:39:04+00:00\",\"dateModified\":\"2026-04-29T08:27:38+00:00\",\"breadcrumb\":{\"@id\":\"https:\\\/\\\/dev.guiasoficialescv.es\\\/en\\\/tours-en\\\/tour\\\/guided-tours-of-alicantes-air-raid-shelters\\\/#breadcrumb\"},\"inLanguage\":\"en-US\",\"potentialAction\":[{\"@type\":\"ReadAction\",\"target\":[\"https:\\\/\\\/dev.guiasoficialescv.es\\\/en\\\/tours-en\\\/tour\\\/guided-tours-of-alicantes-air-raid-shelters\\\/\"]}]},{\"@type\":\"BreadcrumbList\",\"@id\":\"https:\\\/\\\/dev.guiasoficialescv.es\\\/en\\\/tours-en\\\/tour\\\/guided-tours-of-alicantes-air-raid-shelters\\\/#breadcrumb\",\"itemListElement\":[{\"@type\":\"ListItem\",\"position\":1,\"name\":\"Home\",\"item\":\"https:\\\/\\\/dev.guiasoficialescv.es\\\/en\\\/\"},{\"@type\":\"ListItem\",\"position\":2,\"name\":\"Guided tours of Alicante\u2019s Air-raid Shelters\"}]},{\"@type\":\"WebSite\",\"@id\":\"https:\\\/\\\/dev.guiasoficialescv.es\\\/en\\\/#website\",\"url\":\"https:\\\/\\\/dev.guiasoficialescv.es\\\/en\\\/\",\"name\":\"Gu\u00edas Tur\u00edsticos Oficiales Comunidad Valenciana\",\"description\":\"Asociaci\u00f3n de Gu\u00edas Oficiales de Turismo en la Comunidad Valenciana\",\"publisher\":{\"@id\":\"https:\\\/\\\/dev.guiasoficialescv.es\\\/en\\\/#organization\"},\"potentialAction\":[{\"@type\":\"SearchAction\",\"target\":{\"@type\":\"EntryPoint\",\"urlTemplate\":\"https:\\\/\\\/dev.guiasoficialescv.es\\\/en\\\/?s={search_term_string}\"},\"query-input\":{\"@type\":\"PropertyValueSpecification\",\"valueRequired\":true,\"valueName\":\"search_term_string\"}}],\"inLanguage\":\"en-US\"},{\"@type\":\"Organization\",\"@id\":\"https:\\\/\\\/dev.guiasoficialescv.es\\\/en\\\/#organization\",\"name\":\"Asociaci\u00f3n Gu\u00edas Oficiales de la Comunidad Valenciana\",\"url\":\"https:\\\/\\\/dev.guiasoficialescv.es\\\/en\\\/\",\"logo\":{\"@type\":\"ImageObject\",\"inLanguage\":\"en-US\",\"@id\":\"https:\\\/\\\/dev.guiasoficialescv.es\\\/en\\\/#\\\/schema\\\/logo\\\/image\\\/\",\"url\":\"https:\\\/\\\/dev.guiasoficialescv.es\\\/wp-content\\\/uploads\\\/2023\\\/08\\\/logotipo-guias-oficiales-comunitat-valenciana.jpg\",\"contentUrl\":\"https:\\\/\\\/dev.guiasoficialescv.es\\\/wp-content\\\/uploads\\\/2023\\\/08\\\/logotipo-guias-oficiales-comunitat-valenciana.jpg\",\"width\":450,\"height\":450,\"caption\":\"Asociaci\u00f3n Gu\u00edas Oficiales de la Comunidad Valenciana\"},\"image\":{\"@id\":\"https:\\\/\\\/dev.guiasoficialescv.es\\\/en\\\/#\\\/schema\\\/logo\\\/image\\\/\"},\"sameAs\":[\"https:\\\/\\\/www.facebook.com\\\/GuiasOficialesCV\"]}]}<\/script>\n<!-- \/ Yoast SEO plugin. -->","yoast_head_json":{"title":"Guided tours of Alicante\u2019s Air-raid Shelters &#8211; Gu\u00edas Tur\u00edsticos Oficiales Comunidad Valenciana","robots":{"index":"noindex","follow":"follow","max-snippet":"max-snippet:-1","max-image-preview":"max-image-preview:large","max-video-preview":"max-video-preview:-1"},"og_locale":"en_US","og_type":"article","og_title":"Guided tours of Alicante\u2019s Air-raid Shelters &#8211; Gu\u00edas Tur\u00edsticos Oficiales Comunidad Valenciana","og_description":"Current Routes and Future Itineraries To provide a comprehensive overview of our history, we have put together a network of themed walking tours that take in the key landmarks of Alicante\u2019s history: Route 1: \u00a0Seneca Interpretation Centre and Shelters R31\/Balmis R46 (only this route is currently available) Route 2: Shelters on Avenida General Marv\u00e1 (R35) and Plaza M\u00fasico Oscar Tordera [&hellip;]","og_url":"https:\/\/dev.guiasoficialescv.es\/en\/tours-en\/tour\/guided-tours-of-alicantes-air-raid-shelters\/","og_site_name":"Gu\u00edas Tur\u00edsticos Oficiales Comunidad Valenciana","article_publisher":"https:\/\/www.facebook.com\/GuiasOficialesCV","article_modified_time":"2026-04-29T08:27:38+00:00","twitter_card":"summary_large_image","twitter_misc":{"Est. reading time":"2 minutes"},"schema":{"@context":"https:\/\/schema.org","@graph":[{"@type":"WebPage","@id":"https:\/\/dev.guiasoficialescv.es\/en\/tours-en\/tour\/guided-tours-of-alicantes-air-raid-shelters\/","url":"https:\/\/dev.guiasoficialescv.es\/en\/tours-en\/tour\/guided-tours-of-alicantes-air-raid-shelters\/","name":"Guided tours of Alicante\u2019s Air-raid Shelters &#8211; Gu\u00edas Tur\u00edsticos Oficiales Comunidad Valenciana","isPartOf":{"@id":"https:\/\/dev.guiasoficialescv.es\/en\/#website"},"datePublished":"2026-03-30T09:39:04+00:00","dateModified":"2026-04-29T08:27:38+00:00","breadcrumb":{"@id":"https:\/\/dev.guiasoficialescv.es\/en\/tours-en\/tour\/guided-tours-of-alicantes-air-raid-shelters\/#breadcrumb"},"inLanguage":"en-US","potentialAction":[{"@type":"ReadAction","target":["https:\/\/dev.guiasoficialescv.es\/en\/tours-en\/tour\/guided-tours-of-alicantes-air-raid-shelters\/"]}]},{"@type":"BreadcrumbList","@id":"https:\/\/dev.guiasoficialescv.es\/en\/tours-en\/tour\/guided-tours-of-alicantes-air-raid-shelters\/#breadcrumb","itemListElement":[{"@type":"ListItem","position":1,"name":"Home","item":"https:\/\/dev.guiasoficialescv.es\/en\/"},{"@type":"ListItem","position":2,"name":"Guided tours of Alicante\u2019s Air-raid Shelters"}]},{"@type":"WebSite","@id":"https:\/\/dev.guiasoficialescv.es\/en\/#website","url":"https:\/\/dev.guiasoficialescv.es\/en\/","name":"Gu\u00edas Tur\u00edsticos Oficiales Comunidad Valenciana","description":"Asociaci\u00f3n de Gu\u00edas Oficiales de Turismo en la Comunidad Valenciana","publisher":{"@id":"https:\/\/dev.guiasoficialescv.es\/en\/#organization"},"potentialAction":[{"@type":"SearchAction","target":{"@type":"EntryPoint","urlTemplate":"https:\/\/dev.guiasoficialescv.es\/en\/?s={search_term_string}"},"query-input":{"@type":"PropertyValueSpecification","valueRequired":true,"valueName":"search_term_string"}}],"inLanguage":"en-US"},{"@type":"Organization","@id":"https:\/\/dev.guiasoficialescv.es\/en\/#organization","name":"Asociaci\u00f3n Gu\u00edas Oficiales de la Comunidad Valenciana","url":"https:\/\/dev.guiasoficialescv.es\/en\/","logo":{"@type":"ImageObject","inLanguage":"en-US","@id":"https:\/\/dev.guiasoficialescv.es\/en\/#\/schema\/logo\/image\/","url":"https:\/\/dev.guiasoficialescv.es\/wp-content\/uploads\/2023\/08\/logotipo-guias-oficiales-comunitat-valenciana.jpg","contentUrl":"https:\/\/dev.guiasoficialescv.es\/wp-content\/uploads\/2023\/08\/logotipo-guias-oficiales-comunitat-valenciana.jpg","width":450,"height":450,"caption":"Asociaci\u00f3n Gu\u00edas Oficiales de la Comunidad Valenciana"},"image":{"@id":"https:\/\/dev.guiasoficialescv.es\/en\/#\/schema\/logo\/image\/"},"sameAs":["https:\/\/www.facebook.com\/GuiasOficialesCV"]}]}},"_links":{"self":[{"href":"https:\/\/dev.guiasoficialescv.es\/en\/wp-json\/wp\/v2\/tours_dir_ltg\/9886","targetHints":{"allow":["GET"]}}],"collection":[{"href":"https:\/\/dev.guiasoficialescv.es\/en\/wp-json\/wp\/v2\/tours_dir_ltg"}],"about":[{"href":"https:\/\/dev.guiasoficialescv.es\/en\/wp-json\/wp\/v2\/types\/tours_dir_ltg"}],"author":[{"embeddable":true,"href":"https:\/\/dev.guiasoficialescv.es\/en\/wp-json\/wp\/v2\/users\/979"}],"replies":[{"embeddable":true,"href":"https:\/\/dev.guiasoficialescv.es\/en\/wp-json\/wp\/v2\/comments?post=9886"}],"wp:attachment":[{"href":"https:\/\/dev.guiasoficialescv.es\/en\/wp-json\/wp\/v2\/media?parent=9886"}],"curies":[{"name":"wp","href":"https:\/\/api.w.org\/{rel}","templated":true}]}}

<!-- This site is optimized with the Yoast SEO plugin v27.3 - https://yoast.com/product/yoast-seo-wordpress/ -->
<title>Guided tours of Alicante’s Air-raid Shelters &#8211; Guías Turísticos Oficiales Comunidad Valenciana</title>
<meta name="robots" content="noindex, follow, max-snippet:-1, max-image-preview:large, max-video-preview:-1" />
<meta property="og:locale" content="en_US" />
<meta property="og:type" content="article" />
<meta property="og:title" content="Guided tours of Alicante’s Air-raid Shelters &#8211; Guías Turísticos Oficiales Comunidad Valenciana" />
<meta property="og:description" content="Current Routes and Future Itineraries To provide a comprehensive overview of our history, we have put together a network of themed walking tours that take in the key landmarks of Alicante’s history: Route 1:  Seneca Interpretation Centre and Shelters R31/Balmis R46 (only this route is currently available) Route 2: Shelters on Avenida General Marvá (R35) and Plaza Músico Oscar Tordera [&hellip;]" />
<meta property="og:url" content="https://dev.guiasoficialescv.es/en/tours-en/tour/guided-tours-of-alicantes-air-raid-shelters/" />
<meta property="og:site_name" content="Guías Turísticos Oficiales Comunidad Valenciana" />
<meta property="article:publisher" content="https://www.facebook.com/GuiasOficialesCV" />
<meta property="article:modified_time" content="2026-04-29T08:27:38+00:00" />
<meta name="twitter:card" content="summary_large_image" />
<meta name="twitter:label1" content="Est. reading time" />
	<meta name="twitter:data1" content="2 minutes" />
<script type="application/ld+json" class="yoast-schema-graph">{"@context":"https:\/\/schema.org","@graph":[{"@type":"WebPage","@id":"https:\/\/dev.guiasoficialescv.es\/en\/tours-en\/tour\/guided-tours-of-alicantes-air-raid-shelters\/","url":"https:\/\/dev.guiasoficialescv.es\/en\/tours-en\/tour\/guided-tours-of-alicantes-air-raid-shelters\/","name":"Guided tours of Alicante’s Air-raid Shelters &#8211; Guías Turísticos Oficiales Comunidad Valenciana","isPartOf":{"@id":"https:\/\/dev.guiasoficialescv.es\/en\/#website"},"datePublished":"2026-03-30T09:39:04+00:00","dateModified":"2026-04-29T08:27:38+00:00","breadcrumb":{"@id":"https:\/\/dev.guiasoficialescv.es\/en\/tours-en\/tour\/guided-tours-of-alicantes-air-raid-shelters\/#breadcrumb"},"inLanguage":"en-US","potentialAction":[{"@type":"ReadAction","target":["https:\/\/dev.guiasoficialescv.es\/en\/tours-en\/tour\/guided-tours-of-alicantes-air-raid-shelters\/"]}]},{"@type":"BreadcrumbList","@id":"https:\/\/dev.guiasoficialescv.es\/en\/tours-en\/tour\/guided-tours-of-alicantes-air-raid-shelters\/#breadcrumb","itemListElement":[{"@type":"ListItem","position":1,"name":"Home","item":"https:\/\/dev.guiasoficialescv.es\/en\/"},{"@type":"ListItem","position":2,"name":"Guided tours of Alicante’s Air-raid Shelters"}]},{"@type":"WebSite","@id":"https:\/\/dev.guiasoficialescv.es\/en\/#website","url":"https:\/\/dev.guiasoficialescv.es\/en\/","name":"Guías Turísticos Oficiales Comunidad Valenciana","description":"Asociación de Guías Oficiales de Turismo en la Comunidad Valenciana","publisher":{"@id":"https:\/\/dev.guiasoficialescv.es\/en\/#organization"},"potentialAction":[{"@type":"SearchAction","target":{"@type":"EntryPoint","urlTemplate":"https:\/\/dev.guiasoficialescv.es\/en\/?s={search_term_string}"},"query-input":{"@type":"PropertyValueSpecification","valueRequired":true,"valueName":"search_term_string"}}],"inLanguage":"en-US"},{"@type":"Organization","@id":"https:\/\/dev.guiasoficialescv.es\/en\/#organization","name":"Asociación Guías Oficiales de la Comunidad Valenciana","url":"https:\/\/dev.guiasoficialescv.es\/en\/","logo":{"@type":"ImageObject","inLanguage":"en-US","@id":"https:\/\/dev.guiasoficialescv.es\/en\/#\/schema\/logo\/image\/","url":"https:\/\/dev.guiasoficialescv.es\/wp-content\/uploads\/2023\/08\/logotipo-guias-oficiales-comunitat-valenciana.jpg","contentUrl":"https:\/\/dev.guiasoficialescv.es\/wp-content\/uploads\/2023\/08\/logotipo-guias-oficiales-comunitat-valenciana.jpg","width":450,"height":450,"caption":"Asociación Guías Oficiales de la Comunidad Valenciana"},"image":{"@id":"https:\/\/dev.guiasoficialescv.es\/en\/#\/schema\/logo\/image\/"},"sameAs":["https:\/\/www.facebook.com\/GuiasOficialesCV"]}]}</script>
<!-- / Yoast SEO plugin. -->

Guided tours of Alicante’s Air-raid Shelters &#8211; Guías Turísticos Oficiales Comunidad Valenciana

Current Routes and Future Itineraries To provide a comprehensive overview of our history, we have put together a network of themed walking tours that take in the key landmarks of Alicante’s history: Route 1:  Seneca Interpretation Centre and Shelters R31/Balmis R46 (only this route is currently available) Route 2: Shelters on Avenida General Marvá (R35) and Plaza Músico Oscar Tordera [&hellip;]

Guías Turísticos Oficiales Comunidad Valenciana

Asociación de Guías Oficiales de Turismo en la Comunidad Valenciana

Asociación Guías Oficiales de la Comunidad Valenciana
